hundreds digit of 3917?
9
What is the thousands digit of 26668?
6
What is the hundreds digit of 3238?
2
What is the tens digit of 1156?
5
What is the thousands digit of 18388?
8
What is the hundreds digit of 877?
8
What is the ten thousands digit of 53751?
5
What is the units digit of 63338?
8
What is the tens digit of 55962?
6
What is the tens digit of 704?
0
What is the tens digit of 8964?
6
What is the units digit of 996?
6
What is the thousands digit of 8183?
8
What is the tens digit of 44574?
7
What is the thousands digit of 10281?
0
What is the hundreds digit of 26655?
6
What is the units digit of 610?
0
What is the tens digit of 32184?
8
What is the units digit of 298?
8
What is the tens digit of 683?
8
What is the units digit of 7053?
3
What is the tens digit of 43161?
6
What is the thousands digit of 8528?
8
What is the units digit of 26551?
1
What is the ten thousands digit of 16320?
1
What is the tens digit of 1307?
0
What is the thousands digit of 19493?
9
What is the ten thousands digit of 84675?
8
What is the thousands digit of 8302?
8
What is the units digit of 2002?
2
What is the thousands digit of 17062?
7
What is the tens digit of 13832?
3
What is the units digit of 35075?
5
What is the units digit of 73839?
9
What is the tens digit of 132782?
8
What is the tens digit of 339?
3
What is the hundreds digit of 42439?
4
What is the tens digit of 13957?
5
What is the thousands digit of 4216?
4
What is the thousands digit of 2285?
2
What is the hundreds digit of 39657?
6
What is the hundreds digit of 32151?
1
What is the thousands digit of 49304?
9
What is the tens digit of 8588?
8
What is the hundreds digit of 1285?
2
What is the tens digit of 9306?
0
What is the units digit of 26951?
1
What is the hundreds digit of 634?
6
What is the thousands digit of 12129?
2
What is the tens digit of 904?
0
What is the units digit of 1615?
5
What is the hundreds digit of 33284?
2
What is the thousands digit of 8862?
8
What is the thousands digit of 7781?
7
What is the units digit of 536?
6
What is the hundreds digit of 796?
7
What is the hundreds digit of 3760?
7
What is the tens digit of 4002?
0
What is the tens digit of 1398?
9
What is the thousands digit of 2607?
2
What is the tens digit of 735?
3
What is the tens digit of 431?
3
What is the tens digit of 11225?
2
What is the tens digit of 20206?
0
What is the units digit of 495?
5
What is the thousands digit of 1099?
1
What is the tens digit of 146?
4
What is the hundreds digit of 1843?
8
What is the ten thousands digit of 45828?
4
What is the tens digit of 240?
4
What is the units digit of 1981?
1
What is the tens digit of 10668?
6
What is the tens digit of 771?
7
What is the thousands digit of 21791?
1
What is the units digit of 1483?
3
What is the hundreds digit of 2746?
7
What is the tens digit of 2482?
8
What is the units digit of 28538?
8
What is the units digit of 55836?
6
What is the units digit of 1235?
5
What is the tens digit of 785?
8
What is the units digit of 7012?
2
What is the units digit of 1801?
1
What is the hundreds digit of 668?
6
What is the units digit of 923?
3
What is the thousands digit of 16982?
6
What is the units digit of 91565?
5
What is the hundreds digit of 10133?
1
What is the tens digit of 195?
9
What is the units digit of 735?
5
What is the hundreds digit of 2451?
4
What is the thousands digit of 3713?
3
What is the hundred thousands digit of 140148?
1
What is the tens digit of 450?
5
What is the units digit of 13413?
3
What is the hundreds digit of 55813?
8
What is the thousands digit of 3309?
3
What is the thousands digit of 3845?
3
What is the hundreds digit of 591?
5
What is the tens digit of 3555?
5
What is the tens digit of 2823?
2
What is the hundreds digit of 67155?
1
What is the units digit of 7252?
2
What is the hundreds digit of 5736?
7
What is the tens digit of 492?
9
What is the hundreds digit of 1507?
5
What is the units digit of 20229?
9
What is the units digit of 1507?
7
What is the units digit of 4199?
9
What is the thousands digit of 16755?
6
What is the tens digit of 714?
1
What is the units digit of 9521?
1
What is the hundreds digit of 13019?
0
What is the units digit of 3640?
0
What is the thousands digit of 3811?
3
What is the tens digit of 713?
1
What is the hundreds digit of 48568?
5
What is the tens digit of 371?
7
What is the hundreds digit of 266?
2
What is the thousands digit of 1413?
1
What is the units digit of 7831?
1
What is the thousands digit of 1214?
1
What is the hundreds digit of 432?
4
What is the hundreds digit of 5791?
7
What is the tens digit of 74306?
0
What is the hundreds digit of 1815?
8
What is the tens digit of 1491?
9
What is the hundreds digit of 10676?
6
What is the thousands digit of 3719?
3
What is the tens digit of 12628?
2
What is the hundreds digit of 2435?
4
What is the hundreds digit of 12714?
7
What is the tens digit of 3293?
9
What is the tens digit of 26639?
3
What is the thousands digit of 140494?
0
What is the hundreds digit of 9557?
5
What is the tens digit of 1341?
4
What is the tens digit of 94195?
9
What is the tens digit of 242?
4
What is the units digit of 1143?
3
What is the units digit of 6983?
3
What is the units digit of 19450?
0
What is the units digit of 18595?
5
What is the thousands digit of 4610?
4
What is the hundreds digit of 1251?
2
What is the tens digit of 239?
3
What is the thousands digit of 1994?
1
What is the thousands digit of 73297?
3
What is the hundreds digit of 1386?
3
What is the hundreds digit of 53322?
3
What is the tens digit of 5008?
0
What is the units digit of 850?
0
What is the hundreds digit of 597?
5
What is the thousands digit of 12869?
2
What is the ten thousands digit of 12877?
1
What is the hundreds digit of 345?
3
What is the ten thousands digit of 13777?
1
What is the tens digit of 647?
4
What is the units digit of 1835?
5
What is the units digit of 4611?
1
What is the ten thousands digit of 16846?
1
What is the units digit of 2750?
0
What is the thousands digit of 6729?
6
What is the hundreds digit of 6924?
9
What is the hundreds digit of 3536?
5
What is the units digit of 17394?
4
What is the hundreds digit of 105?
1
What is the hundreds digit of 7376?
3
What is the thousands digit of 6293?
6
What is the units digit of 12182?
2
What is the hundreds digit of 8103?
1
What is the hundreds digit of 3539?
5
What is the units digit of 814?
4
What is the hundreds digit of 44777?
7
What is the hundreds digit of 640?
6
What is the hundreds digit of 2304?
3
What is the tens digit of 83463?
6
What is the thousands digit of 4064?
4
What is the units digit of 1312?
2
What is the hundreds digit of 2391?
3
What is the ten thousands digit of 29882?
2
What is the ten thousands digit of 27360?
2
What is the ten thousands digit of 33799?
3
What is the tens digit of 4923?
2
What is the units digit of 15456?
6
What is the tens digit of 462?
6
What is the units digit of 6747?
7
What is the tens digit of 997?
9
What is the tens digit of 25125?
2
What is the thousands digit of 18207?
8
What is the ten thousands digit of 10321?
1
What is the thousands digit of 3690?
3
What is the hundreds digit of 38875?
8
What is the ten thousands digit of 38648?
3
What is the thousands digit of 6481?
6
What is the ten thousands digit of 58433?
5
What is the thousands digit of 5571?
5
What is the units digit of 974?
4
What is the hundreds digit of 15593?
5
What is the hundreds digit of 10279?
2
What is the tens digit of 986?
8
What is the hundreds digit of 2991?
9
What is the tens digit of 2456?
5
What is the thousands digit of 2741?
2
What is the tens digit of 2438?
3
What is the units digit of 118?
8
What is the thousands digit of 13603?
3
What is the tens digit of 2027?
2
What is the hundreds digit of 55342?
3
What is the tens digit of 28698?
9
What is the hundreds digit of 64314?
3
What is the tens digit of 5101?
0
What is the units digit of 1680?
0
What is the units digit of 34997?
7
What is the units digit of 1178?
8
What is the thousands digit of 1097?
1
What is the tens digit of 5030?
3
What is the units digit of 6108?
8
What is the tens digit of 11504?
0
What is the ten thousands digit of 29734?
2
What is the tens digit of 469?
6
What is the units digit of 668?
8
What is th